ist the prime factors of 2741.
2741
List the prime factors of 5606.
2, 2803
List the prime factors of 734.
2, 367
What are the prime factors of 10740?
2, 3, 5, 179
List the prime factors of 28719.
3, 3191
What are the prime factors of 1661?
11, 151
What are the prime factors of 720?
2, 3, 5
List the prime factors of 103567.
103567
What are the prime factors of 2485?
5, 7, 71
What are the prime factors of 571?
571
List the prime factors of 49940.
2, 5, 11, 227
What are the prime factors of 2250?
2, 3, 5
List the prime factors of 12521.
19, 659
What are the prime factors of 14173?
14173
List the prime factors of 35629.
11, 41, 79
List the prime factors of 6156.
2, 3, 19
List the prime factors of 1069.
1069
List the prime factors of 32967.
3, 11, 37
What are the prime factors of 348?
2, 3, 29
List the prime factors of 793.
13, 61
What are the prime factors of 12174?
2, 3, 2029
What are the prime factors of 35152?
2, 13
List the prime factors of 17381.
7, 13, 191
What are the prime factors of 2425?
5, 97
What are the prime factors of 5872?
2, 367
What are the prime factors of 52011?
3, 5779
What are the prime factors of 6825?
3, 5, 7, 13
List the prime factors of 1000.
2, 5
What are the prime factors of 591?
3, 197
What are the prime factors of 3999?
3, 31, 43
List the prime factors of 833.
7, 17
What are the prime factors of 132253?
11, 1093
List the prime factors of 3883.
11, 353
List the prime factors of 3233.
53, 61
What are the prime factors of 807?
3, 269
List the prime factors of 105771.
3, 35257
List the prime factors of 1049.
1049
What are the prime factors of 18728?
2, 2341
What are the prime factors of 1218?
2, 3, 7, 29
List the prime factors of 3915.
3, 5, 29
List the prime factors of 81838.
2, 17, 29, 83
List the prime factors of 1483.
1483
List the prime factors of 4477.
11, 37
List the prime factors of 7280.
2, 5, 7, 13
List the prime factors of 4044.
2, 3, 337
List the prime factors of 56.
2, 7
List the prime factors of 341.
11, 31
What are the prime factors of 24874?
2, 12437
List the prime factors of 54850.
2, 5, 1097
List the prime factors of 564.
2, 3, 47
What are the prime factors of 38509?
97, 397
What are the prime factors of 5838?
2, 3, 7, 139
List the prime factors of 8515.
5, 13, 131
List the prime factors of 69470.
2, 5, 6947
What are the prime factors of 10946?
2, 13, 421
List the prime factors of 17988.
2, 3, 1499
What are the prime factors of 860?
2, 5, 43
What are the prime factors of 50066?
2, 25033
List the prime factors of 1654.
2, 827
List the prime factors of 113261.
53, 2137
List the prime factors of 2621.
2621
List the prime factors of 8702.
2, 19, 229
List the prime factors of 86296.
2, 7, 23, 67
What are the prime factors of 1030?
2, 5, 103
What are the prime factors of 219?
3, 73
List the prime factors of 9146.
2, 17, 269
What are the prime factors of 910?
2, 5, 7, 13
What are the prime factors of 3523?
13, 271
List the prime factors of 109737.
3, 89, 137
List the prime factors of 2752.
2, 43
List the prime factors of 22997.
13, 29, 61
What are the prime factors of 166?
2, 83
List the prime factors of 1656.
2, 3, 23
What are the prime factors of 465?
3, 5, 31
What are the prime factors of 965?
5, 193
List the prime factors of 2988.
2, 3, 83
List the prime factors of 3517.
3517
List the prime factors of 867.
3, 17
List the prime factors of 62623.
11, 5693
List the prime factors of 18731.
18731
List the prime factors of 3648.
2, 3, 19
What are the prime factors of 2129?
2129
What are the prime factors of 16104?
2, 3, 11, 61
What are the prime factors of 1638?
2, 3, 7, 13
List the prime factors of 1019.
1019
List the prime factors of 2661.
3, 887
What are the prime factors of 1622?
2, 811
What are the prime factors of 2460?
2, 3, 5, 41
List the prime factors of 4654.
2, 13, 179
What are the prime factors of 4660?
2, 5, 233
What are the prime factors of 1869?
3, 7, 89
List the prime factors of 2135.
5, 7, 61
List the prime factors of 514.
2, 257
What are the prime factors of 1286?
2, 643
What are the prime factors of 38775?
3, 5, 11, 47
List the prime factors of 2314.
2, 13, 89
List the prime factors of 30811.
11, 2801
List the prime factors of 599.
599
List the prime factors of 53494.
2, 7, 3821
What are the prime factors of 163223?
163223
What are the prime factors of 473?
11, 43
What are the prime factors of 80689?
7, 11527
What are the prime factors of 6755?
5, 7, 193
List the prime factors of 2330.
2, 5, 233
List the prime factors of 668.
2, 167
List the prime factors of 89573.
11, 17, 479
What are the prime factors of 1244?
2, 311
List the prime factors of 1588.
2, 397
List the prime factors of 409.
409
What are the prime factors of 22719?
3, 7573
What are the prime factors of 4410?
2, 3, 5, 7
List the prime factors of 189.
3, 7
List the prime factors of 117268.
2, 19, 1543
What are the prime factors of 286?
2, 11, 13
What are the prime factors of 2340?
2, 3, 5, 13
List the prime factors of 20.
2, 5
List the prime factors of 917.
7, 131
List the prime factors of 1150.
2, 5, 23
List the prime factors of 6684.
2, 3, 557
What are the prime factors of 3006?
2, 3, 167
What are the prime factors of 3?
3
List the prime factors of 1467.
3, 163
What are the prime factors of 53286?
2, 3, 83, 107
List the prime factors of 113030.
2, 5, 89, 127
What are the prime factors of 1577?
19, 83
List the prime factors of 65896.
2, 8237
List the prime factors of 52.
2, 13
List the prime factors of 32980.
2, 5, 17, 97
What are the prime factors of 192?
2, 3
What are the prime factors of 37302?
2, 3, 6217
List the prime factors of 1090.
2, 5, 109
What are the prime factors of 21989?
11, 1999
List the prime factors of 1266.
2, 3, 211
What are the prime factors of 7754?
2, 3877
What are the prime factors of 56187?
3, 2081
What are the prime factors of 4236?
2, 3, 353
List the prime factors of 3434.
2, 17, 101
List the prime factors of 12310.
2, 5, 1231
List the prime factors of 25492.
2, 6373
What are the prime factors of 2318?
2, 19, 61
What are the prime factors of 8579?
23, 373
What are the prime factors of 332?
2, 83
What are the prime factors of 270?
2, 3, 5
What are the prime factors of 20281?
17, 1193
List the prime factors of 946.
2, 11, 43
What are the prime factors of 827?
827
List the prime factors of 1295.
5, 7, 37
List the prime factors of 6703.
6703
What are the prime factors of 39528?
2, 3, 61
List the prime factors of 2556.
2, 3, 71
What are the prime factors of 974?
2, 487
List the prime factors of 2966.
2, 1483
What are the prime factors of 1332?
2, 3, 37
List the prime factors of 36817.
11, 3347
What are the prime factors of 11932?
2, 19, 157
What are the prime factors of 42616?
2, 7, 761
List the prime factors of 10145.
5, 2029
List the prime factors of 117538.
2, 17, 3457
What are the prime factors of 2332?
2, 11, 53
What are the prime factors of 5379?
3, 11, 163
List the prime factors of 175110.
2, 3, 5, 13, 449
List the prime factors of 15631.
7, 11, 29
List the prime factors of 4862.
2, 11, 13, 17
List the prime factors of 4080.
2, 3, 5, 17
List the prime factors of 60663.
3, 73, 277
What are the prime factors of 2144?
2, 67
What are the prime factors of 1096?
2, 137
What are the prime factors of 2568?
2, 3, 107
List the prime factors of 2902.
2, 1451
List the prime factors of 11614.
2, 5807
List the prime factors of 7659.
3, 23, 37
List the prime factors of 460.
2, 5, 23
List the prime factors of 815.
5, 163
List the prime factors of 22731.
3, 7577
What are the prime factors of 34639?
11, 47, 67
List the prime factors of 8400.
2, 3, 5, 7
What are the prime factors of 19197?
3, 79
List the prime factors of 13054.
2, 61, 107
List the prime factors of 91814.
2, 29, 1583
What are the prime factors of 1696?
2, 53
List the prime factors of 7298.
2, 41, 89
List the prime factors of 20257.
47, 431
What are the prime factors of 3160?
2, 5, 79
What are the prime factors of 29305?
5, 5861
What are the prime factors of 3817?
11, 347
What are the prime factors of 6252?
2, 3, 521
List the prime factors of 43721.
43721
What are the prime factors of 1173?
3, 17, 23
List the prime factors of 1633.
23, 71
List the prime factors of 56776.
2, 47, 151
What are the prime factors of 427?
7, 61
List the prime factors of 1291